6106 + -7?
116099
In base 3, what is -112 - -1202121022?
1202120210
In base 2, what is -1000110101 - 10001101?
-1011000010
In base 13, what is -3a + 10ba4?
10b67
In base 8, what is -267 - 530?
-1017
In base 8, what is 162 - 110?
52
In base 6, what is 12 + 13122454?
13122510
In base 13, what is -2 + -b52b?
-b530
In base 9, what is -41 + -21233?
-21274
In base 11, what is -449 - 15?
-463
In base 12, what is -14a70 + 10?
-14a60
In base 6, what is 144 + -3252?
-3104
In base 4, what is -200 + 3113023?
3112223
In base 14, what is 7b6 - 49?
76b
In base 12, what is -4 - -16ab7?
16ab3
In base 6, what is -3 + 1155?
1152
In base 7, what is -41521 - 3?
-41524
In base 6, what is 0 + 223444?
223444
In base 3, what is -12122 - -211221?
122022
In base 14, what is 5d13 - -10?
5d23
In base 16, what is -7 - 23a03?
-23a0a
In base 10, what is -27 + 47?
20
In base 13, what is -491 + -2967?
-3128
In base 7, what is -11 - 21553?
-21564
In base 4, what is -20 + 23300013?
23233333
In base 15, what is 9 + 312?
31b
In base 5, what is 22 - -342314?
342341
In base 4, what is -3011 - -111?
-2300
In base 12, what is -102a + -4?
-1032
In base 16, what is -2766 - 7?
-276d
In base 6, what is 3 - 32440?
-32433
In base 8, what is -5 - 35417?
-35424
In base 12, what is 2a837 + -3?
2a834
In base 14, what is 3 - 214a65?
-214a62
In base 7, what is -1202 - -2124?
622
In base 12, what is -9 - -38305?
382b8
In base 15, what is -2 - -d6489?
d6487
In base 15, what is -24acc - -4?
-24ac8
In base 15, what is -c1a7 - 2?
-c1a9
In base 10, what is -210 + -8992?
-9202
In base 12, what is -25 + 5493a?
54915
In base 16, what is -1 + -193b?
-193c
In base 2, what is 10 - 11100010010?
-11100010000
In base 10, what is -2 + 5140?
5138
In base 6, what is -123310 + 31?
-123235
In base 5, what is 0 + 2013334?
2013334
In base 11, what is 34918 - -10?
34928
In base 16, what is -4 + e94?
e90
In base 6, what is -12243 - -204?
-12035
In base 14, what is -5 + 7935?
7930
In base 14, what is -736 - -30?
-706
In base 16, what is 1 + eeea4?
eeea5
In base 8, what is -352413 - -4?
-352407
In base 2, what is -11100 + 110000110000?
110000010100
In base 15, what is -1db9 - 1e7?
-20b1
In base 6, what is 2255 + 4234?
10533
In base 10, what is -4 + -5365?
-5369
In base 13, what is 3cb615 - -5?
3cb61a
In base 10, what is 368975 + -6?
368969
In base 9, what is 7 - -8565?
8573
In base 10, what is 5 + -41900?
-41895
In base 16, what is 3f7 - -2a?
421
In base 10, what is 7 - 136?
-129
In base 15, what is 3 - -3a15?
3a18
In base 6, what is -33 - 11211?
-11244
In base 6, what is 0 + 25531321?
25531321
In base 15, what is 7 - -8d47?
8d4e
In base 3, what is 12211211 - -1010?
12212221
In base 11, what is -22a165 + -1?
-22a166
In base 11, what is 142 - 212?
-80
In base 9, what is 6067 - 5?
6062
In base 2, what is -100101100 + 1?
-100101011
In base 15, what is -2b8b + -7?
-2b93
In base 2, what is 11101011101 + -1010110001?
10010101100
In base 4, what is -11 - 1033323?
-1100000
In base 16, what is -58a + -3?
-58d
In base 10, what is -1 - 744152?
-744153
In base 16, what is 2ffc - 4?
2ff8
In base 7, what is -462 + -50130?
-50622
In base 9, what is 23867 + 41?
24018
In base 15, what is -701 + -e?
-710
In base 3, what is -11022212211 - -21?
-11022212120
In base 7, what is -244512 + 0?
-244512
In base 6, what is 102 + 1023300?
1023402
In base 9, what is -7071 + 3?
-7067
In base 3, what is -1100 + -21101021?
-21102121
In base 13, what is 46 - -1086?
10cc
In base 4, what is -13231023 + -11?
-13231100
In base 14, what is -35c98 + 1?
-35c97
In base 12, what is -18bb - 7?
-1906
In base 7, what is -33463 + -51?
-33544
In base 9, what is 223 + 8268?
8502
In base 15, what is -8d + -951?
-9de
In base 8, what is -675 - 7615?
-10512
In base 16, what is -195b - 28?
-1983
In base 7, what is 1051 + -136?
612
In base 9, what is 5 + 263?
268
In base 2, what is 1001010 + 1110001101110111?
1110001111000001
In base 5, what is -21230130 + -14?
-21230144
In base 8, what is 30 + 250647?
250677
In base 14, what is a2791 - 7?
a2788
In base 8, what is 5510 - -423?
6133
In base 11, what is 3 + -36298?
-36295
In base 11, what is -26 - 14?
-3a
In base 16, what is 216a3 + 14?
216b7
In base 11, what is 15 - 41431?
-41417
In base 3, what is -212100112 - -21?
-212100021
In base 4, what is -1300 - -12112130?
12110230
In base 2, what is 1011 - -11001101111101?
11001110001000
In base 4, what is 10022121 + -2?
10022113
In base 5, what is -11400 + -11011?
-22411
In base 7, what is -3 + -64314?
-64320
In base 8, what is 1524 + -1153?
351
In base 15, what is -a5 - -308a?
2ed5
In base 4, what is 10132320 - 3231?
10123023
In base 13, what is 2 - -157643?
157645
In base 2, what is 110100100001110111 - 0?
110100100001110111
In base 11, what is 14 + 50916?
5092a
In base 5, what is -23 + -2232?
-2310
In base 14, what is c + -7193?
-7185
In base 11, what is -495243 - 0?
-495243
In base 8, what is -21 + 6607?
6566
In base 3, what is -21010 + 1002201?
211121
In base 10, what is -311 + -305?
-616
In base 7, what is -603 - 66?
-1002
In base 2, what is 100100001011010000 + -1?
100100001011001111
In base 2, what is -11111010000000 - -1111?
-11111001110001
In base 8, what is 63 - 717?
-634
In base 3, what is -11222 + 111222?
100000
In base 8, what is -40675 + 1?
-40674
In base 7, what is -153 - 415?
-601
In base 5, what is 10 + 130122?
130132
In base 13, what is 5 + -22547?
-22542
In base 6, what is 52 + -102320?
-102224
In base 6, what is -33 - 11512?
-11545
In base 16, what is -bb3d + 4?
-bb39
In base 9, what is 225 + -173?
42
In base 5, what is 34033310 + -10?
34033300
In base 5, what is -1433 - 3310?
-10243
In base 7, what is 25062 - 463?
24266
In base 16, what is -17b - b6?
-231
In base 4, what is -1 - -111212?
111211
In base 15, what is -d7 - 3ba0?
-3c87
In base 5, what is -2 - 202423?
-202430
In base 16, what is 1b47d - -1?
1b47e
In base 16, what is -30e - -1b?
-2f3
In base 16, what is 10c + -5edb?
-5dcf
In base 16, what is 791 - -12a?
8bb
In base 12, what is 32664 + 26?
3268a
In base 12, what is 94b85 - 7?
94b7a
In base 8, what is -73 - 1367?
-1462
In base 3, what is 122 + 101010?
101202
In base 9, what is -4 + 50372?
50367
In base 12, what is 741 - 92?
66b
In base 3, what is 22210212 - -11?
22211000
In base 2, what is 1101001 - 100?
1100101
In base 7, what is 26030 - 6?
26021
In base 9, what is -8 - -34?
25
In base 12, what is 26 - 70b33?
-70b09
In base 14, what is 101b - -35?
1052
In base 14, what is 6dc4d4 - -4?
6dc4d8
In base 9, what is 36 - 1207?
-1161
In base 15, what is -3 - 1206c?
-12070
In base 15, what is -1c18 + -39?
-1c52
In base 13, what is 905 + 198?
aa0
In base 2, what is -11010000 + 11000010111011?
10111111101011
In base 11, what is 397a + 2a0?
416a
In base 4, what is -201 + 1102010?
1101203
In base 13, what is 15846 - 0?
15846
In base 11, what is 21 + 187870?
187891
In base 15, what is 161b - -8d?
16a9
In base 15, what is 1 + 5a10d?
5a10e
In base 5, what is 431243 - 10?
431233
In base 9, what is 5 + -65104?
-65088
In base 2, what is 101011100010 - -111101?
101100011111
In base 11, what is 0 - 124723?
-124723
In base 10, what is 9633 + 117?
9750
In base 4, what is 100223 + -20?
100203
In base 13, what is -3244 + -7?
-324b
In base 15, what is -100 + -95dd?
-96dd
In base 14, what is -22195 - 5?
-2219a
In base 14, what is -70b5d - 2?
-70b61
In base 15, what is -2 + -169be9?
-169beb
In base 12, what is 0 + 166049?
166049
In base 16, what is -148d4 + c?
-148c8
In base 2, what is -10101011 + -101000?
-11010011
In base 7, what is 64416 + 21?
64440
In base 7, what is -22426 + 13?
-22413
In base 5, what is -1014304420 - 0?
-1014304420
In base 8, what is 20 + 26543?
26563
In base 10, what is 76136 - 1?
76135
In base 10, what is 85 - -8942?
9027
In base 13, what is -6c33 + -2?
-6c35
In base 12, what is 1 - -5341?
5342
In base 7, what is -52 + 131?
46
In base 7, what is 10105 + 31?
10136
In base 8, what is -103637 + 13?
-103624
In base 2, what is 1000000 + -1110101101?
-1101101101
In base 14, what is -4d53 + 3?
-4d50
In base 8, what is 650 + 535?
1405
In base 11, what is 21a4 - -12?
2206
In base 11, what is a22 - 150?
882
In base 15, what is -e7b + -2cd?
-1259
In base 16, what is 3af - -66a?
a19
In base 3, what is -220110 + -10011?
-1000121
In base 10, what is -1806 - -46?
